{"id":887,"date":"2024-04-22T13:40:37","date_gmt":"2024-04-22T10:40:37","guid":{"rendered":"https:\/\/timurbasirov.wordpress.com\/?page_id=887"},"modified":"2025-10-21T06:35:42","modified_gmt":"2025-10-21T06:35:42","slug":"katse-4-temperatuuri-andur-servo-mootor","status":"publish","type":"page","link":"https:\/\/timurbasirov23.thkit.ee\/wp\/eng\/katse-4-temperatuuri-andur-servo-mootor\/","title":{"rendered":"Experiment 4 Temperature sensor, Servo motor"},"content":{"rendered":"\n<h2 class=\"wp-block-heading\">4.1 Katse Temperatuuri andur<\/h2>\n\n\n\n<h2 class=\"wp-block-heading\"><strong>Skeem:<\/strong><\/h2>\n\n\n\n<figure class=\"wp-block-image\"><img decoding=\"async\" src=\"https:\/\/davidlennuk.wordpress.com\/wp-content\/uploads\/2024\/04\/pilt-6.png?w=1024\" alt=\"\" class=\"wp-image-837\" \/><\/figure>\n\n\n\n<p id=\"tw-target-text\">Andur tuvastab temperatuuri t\u00f5usud ja langused<\/p>\n\n\n\n<h2 class=\"wp-block-heading\"><strong>Kasutatud komponenid<\/strong>:<\/h2>\n\n\n\n<p><strong>Arduino UNO plaat (1tk)<\/strong><br><strong>Arendusplaat (1tk)<\/strong><strong><br>Temperature Sensor (1tk)<\/strong><br><strong>Juhtmed (4tk)<\/strong><\/p>\n\n\n\n<h2 class=\"wp-block-heading\"><strong>Programm:<\/strong><\/h2>\n\n\n\n<pre class=\"wp-block-syntaxhighlighter-code\">const int temperaturePin = 0;\n\nvoid setup()\n{\nSerial.begin(9600);\n}\n\nvoid loop()\n{\n\nfloat voltage, degreesC, degreesF;\n\/\/ kasutame analogRead(), mis tagastab sisendi v\u00e4\u00e4rtused vahemikul 0 \u2026 1023.\n\/\/ koostasime getVoltage() funktsioon, mis tagastab pingev\u00e4\u00e4rtus 0 \u2026 5,\n\nvoltage = getVoltage(temperaturePin);\ndegreesC = (voltage \u2014 0.5) * 100.0;\n\/\/ degreesC = voltage * 100.0;\ndegreesF = degreesC * (9.0\/5.0) + 32.0;\nSerial.print(\u00abvoltage: \u00ab);\nSerial.print(voltage);\nSerial.print(\u00bb deg C: \u00ab);\nSerial.print(degreesC);\nSerial.print(\u00bb deg F: \u00ab);\nSerial.println(degreesF);\n\n\/\/Ekraanil ilmub j\u00e4rgmine tekst: \u00abvoltage: 0.73 deg C: 22.75 deg F: 72.96\u00bb\ndelay(1000); \/\/ ootame 1 sek\n}\n\nfloat getVoltage(int pin)\n{\nreturn (analogRead(pin) * 0.004882814);\n\/\/ teisendame pinge vahemikust 0,0 \u2026 5,0 V, vahemikku 0 \u0434\u043e 1023.\n}<\/pre>\n\n\n\n<h2 class=\"wp-block-heading\">4.2. Katse Servo kasutamine<\/h2>\n\n\n\n<h2 class=\"wp-block-heading\"><strong>Skeem:<\/strong><\/h2>\n\n\n\n<figure class=\"wp-block-image\"><img decoding=\"async\" src=\"https:\/\/davidlennuk.wordpress.com\/wp-content\/uploads\/2024\/04\/pilt-7.png?w=1024\" alt=\"\" class=\"wp-image-843\" \/><\/figure>\n\n\n\n<p id=\"tw-target-text\">Mootor hakkab liikuma, kui saab energiat<\/p>\n\n\n\n<h2 class=\"wp-block-heading\"><strong>Kasutatud komponenid<\/strong>:<\/h2>\n\n\n\n<p><strong>Arduino UNO plaat (1tk)<\/strong><br><strong>Arendusplaat (1tk)<\/strong><br><strong>Micro Servo (1tk)<\/strong><br><strong>Juhtmed (8tk)<\/strong><\/p>\n\n\n\n<h2 class=\"wp-block-heading\"><strong>Programm:<\/strong><\/h2>\n\n\n\n<pre class=\"wp-block-syntaxhighlighter-code\">Servo servo1; \/\/ Peame looma servo objekti nimega servo1 (\u043e\u0431\u044a\u0435\u043a\u0442 \u0443\u043f\u0440\u0430\u0432\u043b\u0435\u043d\u0438\u044f \u0441\u0435\u0440\u0432\u043e\u043f\u0440\u0438\u0432\u043e\u0434\u043e\u043c)\n\nvoid setup()\n{\nservo1.attach(9); \n}\nvoid loop()\n{\nint position;\n\nservo1.write(90); \ndelay(1000);\nservo1.write(180);\ndelay(1000);\nservo1.write(0); \ndelay(1000);\n\n\nfor(position = 0; position &lt; 180; position += 2)\n{\nservo1.write(position);\ndelay(20);\n}\n\n\nfor(position = 180; position &gt;= 0; position -= 1)\n{\nservo1.write(position); \ndelay(20);\n}\n}<\/pre>\n\n\n\n<h2 class=\"wp-block-heading\"><strong>Katse 4<\/strong> Temperatuuritundlik servol\u00fclitus(Kasvuhoone temperatuuri reguleegimine)<\/h2>\n\n\n\n<h2 class=\"wp-block-heading\"><strong>Kasutatud komponenid<\/strong>:<\/h2>\n\n\n\n<p><strong>Arduino UNO plaat (1tk)<\/strong><br><strong>Arendusplaat (1tk)<\/strong><br><strong>Micro Servo (1tk)<br>Termoandur (1tk)<br>Photoresistor (1tk)<\/strong><br><strong>Juhtmed (12tk)<\/strong><br><strong>Takisti (220\u03a9<\/strong> <strong>2tk)<\/strong><br><strong>LED (1tk: Punane)<\/strong><\/p>\n\n\n\n<h2 class=\"wp-block-heading\"><strong>T\u00f6\u00f6 protsess:<\/strong><\/h2>\n\n\n\n<p>Mootor hakkab t\u00f6\u00f6le, kui temperatuuriandur soojeneb ja jahtub,<br>Tuli s\u00fcttib, kui tuli kustub, ja kustub, kui tuli uuesti s\u00fcttib.<\/p>\n\n\n\n<h2 class=\"wp-block-heading\"><strong>Rakendus Temperatuuritundlik servol\u00fclitus<\/strong>:<\/h2>\n\n\n\n<p id=\"tw-target-text\">Ma arvan, et see sobib suurep\u00e4raselt kasvuhoonetesse. kui l\u00e4heb pimedaks ja k\u00fclmaks, sulgub taimedega kaas ja l\u00fclitub tuli sisse ning hommikul, kui l\u00e4heb soojemaks, avaneb kaas ja valgus kustub.<\/p>\n\n\n\n<h2 class=\"wp-block-heading\"><strong>Skeem:<\/strong><\/h2>\n\n\n\n<figure class=\"wp-block-image size-large\"><img loading=\"lazy\" decoding=\"async\" width=\"828\" height=\"691\" src=\"https:\/\/timurbasirov23.thkit.ee\/wp\/eng\/wp-content\/uploads\/2024\/04\/pilt-6.png?w=828\" alt=\"\" class=\"wp-image-932\" srcset=\"https:\/\/timurbasirov23.thkit.ee\/wp\/eng\/wp-content\/uploads\/sites\/2\/2024\/04\/pilt-6.png 828w, https:\/\/timurbasirov23.thkit.ee\/wp\/eng\/wp-content\/uploads\/sites\/2\/2024\/04\/pilt-6-300x250.png 300w, https:\/\/timurbasirov23.thkit.ee\/wp\/eng\/wp-content\/uploads\/sites\/2\/2024\/04\/pilt-6-768x641.png 768w\" sizes=\"auto, (max-width: 828px) 100vw, 828px\" \/><\/figure>\n\n\n\n<h2 class=\"wp-block-heading\"><strong>Programm:<\/strong><\/h2>\n\n\n\n<pre class=\"wp-block-syntaxhighlighter-code\">#include &lt;Servo.h&gt;\nconst int temperaturePin = 0;\nconst int lightPin = A1;\nconst int ledPin = 13;\nServo servo1;\n\nvoid setup()\n{\nservo1.attach(11);\nSerial.begin(9600);\n}\n\n\nvoid loop()\n{\nfloat voltage, lightVal, degreesC, degreesF;\n\nvoltage = getVoltage(temperaturePin);\nlightVal = getLightValue(lightPin);\n\ndegreesC = (voltage - 0.5) * 100.0;\ndegreesF = degreesC * (9.0 \/ 5.0) + 32.0;\n\nif (lightVal &lt; 500) {\ndigitalWrite(ledPin, HIGH);\n} else {\ndigitalWrite(ledPin, LOW);\n}\n\nif (degreesC &lt; 22) {\nservo1.write(0);\n} else if (degreesC &gt; 35) {\nservo1.write(180);\n}\n\ndelay(1000);\n}\n\nfloat getVoltage(int pin)\n{\nreturn (analogRead(pin) * 0.004882814);\n}\n\nint getLightValue(int pin)\n{\nreturn analogRead(pin);\n}<\/pre>\n\n\n\n<h2 class=\"wp-block-heading\"><strong>Video:<\/strong><\/h2>\n\n\n\n<figure class=\"wp-block-embed is-type-video is-provider-youtube wp-block-embed-youtube wp-embed-aspect-16-9 wp-has-aspect-ratio\"><div class=\"wp-block-embed__wrapper\">\n<div class=\"embed-youtube\"><iframe loading=\"lazy\" title=\"15 \u0430\u043f\u0440\u0435\u043b\u044f 2024\u202f\u0433.\" width=\"500\" height=\"281\" src=\"https:\/\/www.youtube.com\/embed\/mc6DBUlUtW4?feature=oembed\" frameborder=\"0\" allow=\"accelerometer; autoplay; clipboard-write; encrypted-media; gyroscope; picture-in-picture; web-share\" referrerpolicy=\"strict-origin-when-cross-origin\" allowfullscreen><\/iframe><\/div>\n<\/div><\/figure>\n\n\n\n<h2 class=\"wp-block-heading\"><strong>Uued funktsioonid:<\/strong><\/h2>\n\n\n\n<pre class=\"wp-block-syntaxhighlighter-code\">#include &lt;Servo.h&gt;\n\u0412\u0432\u043e\u0434\u0438\u043c \u0431\u0438\u0431\u043b\u0438\u043e\u0442\u0435\u043a\u0443 Servo.h, \u043a\u043e\u0442\u043e\u0440\u0430\u044f \u043f\u043e\u0437\u0432\u043e\u043b\u044f\u0435\u0442 \u0443\u043f\u0440\u0430\u0432\u043b\u044f\u0442\u044c \u0441\u0435\u0440\u0432\u043e\u043f\u0440\u0438\u0432\u043e\u0434\u0430\u043c\u0438.\n\nServo servo1; - \u0421\u043e\u0437\u0434\u0430\u0435\u043c \u043e\u0431\u044a\u0435\u043a\u0442 \u0434\u043b\u044f \u0443\u043f\u0440\u0430\u0432\u043b\u0435\u043d\u0438\u044f \u0441\u0435\u0440\u0432\u043e\u043f\u0440\u0438\u0432\u043e\u0434\u043e\u043c servo1.\n\nservo1.attach(11); - \u0441\u0432\u044f\u0437\u044b\u0432\u0430\u0435\u0442 \u0441\u0435\u0440\u0432\u043e\u043f\u0440\u0438\u0432\u043e\u0434\u0430 \u0441 \u043f\u0438\u043d\u043e\u043c \n\nvoltage = getVoltage(temperaturePin);\nlightVal = getLightValue(lightPin);\n\u0421\u0447\u0438\u0442\u044b\u0432\u0430\u044e\u0442 \u0437\u043d\u0430\u0447\u0435\u043d\u0438\u0435 \u043d\u0430\u043f\u0440\u044f\u0436\u0435\u043d\u0438\u044f \u0441 \u0434\u0430\u0442\u0447\u0438\u043a\u0430 \u0442\u0435\u043c\u043f\u0435\u0440\u0430\u0442\u0443\u0440\u044b \n\u0438 \u0444\u043e\u0442\u043e\u0440\u0435\u0437\u0438\u0441\u0442\u043e\u0440\u0430 \u0432 \u043f\u0435\u0440\u0435\u043c\u0435\u043d\u043d\u044b\u0435, \u0438\u0441\u043f\u043e\u043b\u044c\u0437\u0443\u044f \u0444\u0443\u043d\u043a\u0446\u0438\u044e getVoltage() \u0438 getLightValue().<\/pre>\n","protected":false},"excerpt":{"rendered":"<p>4.1 Katse Temperatuuri andur Skeem: Andur tuvastab temperatuuri t\u00f5usud ja langused Kasutatud komponenid: Arduino UNO plaat (1tk)Arendusplaat (1tk)Temperature Sensor (1tk)Juhtmed (4tk) Programm: 4.2. Katse Servo kasutamine Skeem: Mootor hakkab liikuma, kui saab energiat Kasutatud komponenid: Arduino UNO plaat (1tk)Arendusplaat (1tk)Micro Servo (1tk)Juhtmed (8tk) Programm: Katse 4 Temperatuuritundlik servol\u00fclitus(Kasvuhoone temperatuuri reguleegimine) Kasutatud komponenid: Arduino UNO plaat [&hellip;]<\/p>\n","protected":false},"author":1,"featured_media":0,"parent":0,"menu_order":0,"comment_status":"closed","ping_status":"closed","template":"page-with-title","meta":{"footnotes":""},"class_list":["post-887","page","type-page","status-publish","hentry"],"yoast_head":"<!-- This site is optimized with the Yoast SEO plugin v27.4 - https:\/\/yoast.com\/product\/yoast-seo-wordpress\/ -->\n<title>Experiment 4 Temperature sensor, Servo motor - Timur Bashirov Portfolio<\/title>\n<meta name=\"robots\" content=\"index, follow, max-snippet:-1, max-image-preview:large, max-video-preview:-1\" \/>\n<link rel=\"canonical\" href=\"https:\/\/timurbasirov23.thkit.ee\/wp\/eng\/katse-4-temperatuuri-andur-servo-mootor\/\" \/>\n<meta property=\"og:locale\" content=\"en_US\" \/>\n<meta property=\"og:type\" content=\"article\" \/>\n<meta property=\"og:title\" content=\"Experiment 4 Temperature sensor, Servo motor - Timur Bashirov Portfolio\" \/>\n<meta property=\"og:description\" content=\"4.1 Katse Temperatuuri andur Skeem: Andur tuvastab temperatuuri t\u00f5usud ja langused Kasutatud komponenid: Arduino UNO plaat (1tk)Arendusplaat (1tk)Temperature Sensor (1tk)Juhtmed (4tk) Programm: 4.2. Katse Servo kasutamine Skeem: Mootor hakkab liikuma, kui saab energiat Kasutatud komponenid: Arduino UNO plaat (1tk)Arendusplaat (1tk)Micro Servo (1tk)Juhtmed (8tk) Programm: Katse 4 Temperatuuritundlik servol\u00fclitus(Kasvuhoone temperatuuri reguleegimine) Kasutatud komponenid: Arduino UNO plaat [&hellip;]\" \/>\n<meta property=\"og:url\" content=\"https:\/\/timurbasirov23.thkit.ee\/wp\/eng\/katse-4-temperatuuri-andur-servo-mootor\/\" \/>\n<meta property=\"og:site_name\" content=\"Timur Bashirov Portfolio\" \/>\n<meta property=\"article:modified_time\" content=\"2025-10-21T06:35:42+00:00\" \/>\n<meta property=\"og:image\" content=\"https:\/\/timurbasirov23.thkit.ee\/wp\/eng\/wp-content\/uploads\/sites\/2\/2024\/04\/image-32.png\" \/>\n\t<meta property=\"og:image:width\" content=\"1135\" \/>\n\t<meta property=\"og:image:height\" content=\"334\" \/>\n\t<meta property=\"og:image:type\" content=\"image\/png\" \/>\n<meta name=\"twitter:card\" content=\"summary_large_image\" \/>\n<meta name=\"twitter:label1\" content=\"Est. reading time\" \/>\n\t<meta name=\"twitter:data1\" content=\"2 minutes\" \/>\n<script type=\"application\/ld+json\" class=\"yoast-schema-graph\">{\"@context\":\"https:\\\/\\\/schema.org\",\"@graph\":[{\"@type\":\"WebPage\",\"@id\":\"https:\\\/\\\/timurbasirov23.thkit.ee\\\/wp\\\/eng\\\/katse-4-temperatuuri-andur-servo-mootor\\\/\",\"url\":\"https:\\\/\\\/timurbasirov23.thkit.ee\\\/wp\\\/eng\\\/katse-4-temperatuuri-andur-servo-mootor\\\/\",\"name\":\"Experiment 4 Temperature sensor, Servo motor - Timur Bashirov Portfolio\",\"isPartOf\":{\"@id\":\"https:\\\/\\\/timurbasirov23.thkit.ee\\\/wp\\\/eng\\\/#website\"},\"primaryImageOfPage\":{\"@id\":\"https:\\\/\\\/timurbasirov23.thkit.ee\\\/wp\\\/eng\\\/katse-4-temperatuuri-andur-servo-mootor\\\/#primaryimage\"},\"image\":{\"@id\":\"https:\\\/\\\/timurbasirov23.thkit.ee\\\/wp\\\/eng\\\/katse-4-temperatuuri-andur-servo-mootor\\\/#primaryimage\"},\"thumbnailUrl\":\"https:\\\/\\\/davidlennuk.wordpress.com\\\/wp-content\\\/uploads\\\/2024\\\/04\\\/pilt-6.png?w=1024\",\"datePublished\":\"2024-04-22T10:40:37+00:00\",\"dateModified\":\"2025-10-21T06:35:42+00:00\",\"breadcrumb\":{\"@id\":\"https:\\\/\\\/timurbasirov23.thkit.ee\\\/wp\\\/eng\\\/katse-4-temperatuuri-andur-servo-mootor\\\/#breadcrumb\"},\"inLanguage\":\"en-US\",\"potentialAction\":[{\"@type\":\"ReadAction\",\"target\":[\"https:\\\/\\\/timurbasirov23.thkit.ee\\\/wp\\\/eng\\\/katse-4-temperatuuri-andur-servo-mootor\\\/\"]}]},{\"@type\":\"ImageObject\",\"inLanguage\":\"en-US\",\"@id\":\"https:\\\/\\\/timurbasirov23.thkit.ee\\\/wp\\\/eng\\\/katse-4-temperatuuri-andur-servo-mootor\\\/#primaryimage\",\"url\":\"https:\\\/\\\/davidlennuk.wordpress.com\\\/wp-content\\\/uploads\\\/2024\\\/04\\\/pilt-6.png?w=1024\",\"contentUrl\":\"https:\\\/\\\/davidlennuk.wordpress.com\\\/wp-content\\\/uploads\\\/2024\\\/04\\\/pilt-6.png?w=1024\"},{\"@type\":\"BreadcrumbList\",\"@id\":\"https:\\\/\\\/timurbasirov23.thkit.ee\\\/wp\\\/eng\\\/katse-4-temperatuuri-andur-servo-mootor\\\/#breadcrumb\",\"itemListElement\":[{\"@type\":\"ListItem\",\"position\":1,\"name\":\"Home\",\"item\":\"https:\\\/\\\/timurbasirov23.thkit.ee\\\/wp\\\/eng\\\/\"},{\"@type\":\"ListItem\",\"position\":2,\"name\":\"Experiment 4 Temperature sensor, Servo motor\"}]},{\"@type\":\"WebSite\",\"@id\":\"https:\\\/\\\/timurbasirov23.thkit.ee\\\/wp\\\/eng\\\/#website\",\"url\":\"https:\\\/\\\/timurbasirov23.thkit.ee\\\/wp\\\/eng\\\/\",\"name\":\"Timur Bashirov Portfolio\",\"description\":\"\",\"potentialAction\":[{\"@type\":\"SearchAction\",\"target\":{\"@type\":\"EntryPoint\",\"urlTemplate\":\"https:\\\/\\\/timurbasirov23.thkit.ee\\\/wp\\\/eng\\\/?s={search_term_string}\"},\"query-input\":{\"@type\":\"PropertyValueSpecification\",\"valueRequired\":true,\"valueName\":\"search_term_string\"}}],\"inLanguage\":\"en-US\"}]}<\/script>\n<!-- \/ Yoast SEO plugin. -->","yoast_head_json":{"title":"Experiment 4 Temperature sensor, Servo motor - Timur Bashirov Portfolio","robots":{"index":"index","follow":"follow","max-snippet":"max-snippet:-1","max-image-preview":"max-image-preview:large","max-video-preview":"max-video-preview:-1"},"canonical":"https:\/\/timurbasirov23.thkit.ee\/wp\/eng\/katse-4-temperatuuri-andur-servo-mootor\/","og_locale":"en_US","og_type":"article","og_title":"Experiment 4 Temperature sensor, Servo motor - Timur Bashirov Portfolio","og_description":"4.1 Katse Temperatuuri andur Skeem: Andur tuvastab temperatuuri t\u00f5usud ja langused Kasutatud komponenid: Arduino UNO plaat (1tk)Arendusplaat (1tk)Temperature Sensor (1tk)Juhtmed (4tk) Programm: 4.2. Katse Servo kasutamine Skeem: Mootor hakkab liikuma, kui saab energiat Kasutatud komponenid: Arduino UNO plaat (1tk)Arendusplaat (1tk)Micro Servo (1tk)Juhtmed (8tk) Programm: Katse 4 Temperatuuritundlik servol\u00fclitus(Kasvuhoone temperatuuri reguleegimine) Kasutatud komponenid: Arduino UNO plaat [&hellip;]","og_url":"https:\/\/timurbasirov23.thkit.ee\/wp\/eng\/katse-4-temperatuuri-andur-servo-mootor\/","og_site_name":"Timur Bashirov Portfolio","article_modified_time":"2025-10-21T06:35:42+00:00","og_image":[{"width":1135,"height":334,"url":"https:\/\/timurbasirov23.thkit.ee\/wp\/eng\/wp-content\/uploads\/sites\/2\/2024\/04\/image-32.png","type":"image\/png"}],"twitter_card":"summary_large_image","twitter_misc":{"Est. reading time":"2 minutes"},"schema":{"@context":"https:\/\/schema.org","@graph":[{"@type":"WebPage","@id":"https:\/\/timurbasirov23.thkit.ee\/wp\/eng\/katse-4-temperatuuri-andur-servo-mootor\/","url":"https:\/\/timurbasirov23.thkit.ee\/wp\/eng\/katse-4-temperatuuri-andur-servo-mootor\/","name":"Experiment 4 Temperature sensor, Servo motor - Timur Bashirov Portfolio","isPartOf":{"@id":"https:\/\/timurbasirov23.thkit.ee\/wp\/eng\/#website"},"primaryImageOfPage":{"@id":"https:\/\/timurbasirov23.thkit.ee\/wp\/eng\/katse-4-temperatuuri-andur-servo-mootor\/#primaryimage"},"image":{"@id":"https:\/\/timurbasirov23.thkit.ee\/wp\/eng\/katse-4-temperatuuri-andur-servo-mootor\/#primaryimage"},"thumbnailUrl":"https:\/\/davidlennuk.wordpress.com\/wp-content\/uploads\/2024\/04\/pilt-6.png?w=1024","datePublished":"2024-04-22T10:40:37+00:00","dateModified":"2025-10-21T06:35:42+00:00","breadcrumb":{"@id":"https:\/\/timurbasirov23.thkit.ee\/wp\/eng\/katse-4-temperatuuri-andur-servo-mootor\/#breadcrumb"},"inLanguage":"en-US","potentialAction":[{"@type":"ReadAction","target":["https:\/\/timurbasirov23.thkit.ee\/wp\/eng\/katse-4-temperatuuri-andur-servo-mootor\/"]}]},{"@type":"ImageObject","inLanguage":"en-US","@id":"https:\/\/timurbasirov23.thkit.ee\/wp\/eng\/katse-4-temperatuuri-andur-servo-mootor\/#primaryimage","url":"https:\/\/davidlennuk.wordpress.com\/wp-content\/uploads\/2024\/04\/pilt-6.png?w=1024","contentUrl":"https:\/\/davidlennuk.wordpress.com\/wp-content\/uploads\/2024\/04\/pilt-6.png?w=1024"},{"@type":"BreadcrumbList","@id":"https:\/\/timurbasirov23.thkit.ee\/wp\/eng\/katse-4-temperatuuri-andur-servo-mootor\/#breadcrumb","itemListElement":[{"@type":"ListItem","position":1,"name":"Home","item":"https:\/\/timurbasirov23.thkit.ee\/wp\/eng\/"},{"@type":"ListItem","position":2,"name":"Experiment 4 Temperature sensor, Servo motor"}]},{"@type":"WebSite","@id":"https:\/\/timurbasirov23.thkit.ee\/wp\/eng\/#website","url":"https:\/\/timurbasirov23.thkit.ee\/wp\/eng\/","name":"Timur Bashirov Portfolio","description":"","potentialAction":[{"@type":"SearchAction","target":{"@type":"EntryPoint","urlTemplate":"https:\/\/timurbasirov23.thkit.ee\/wp\/eng\/?s={search_term_string}"},"query-input":{"@type":"PropertyValueSpecification","valueRequired":true,"valueName":"search_term_string"}}],"inLanguage":"en-US"}]}},"_links":{"self":[{"href":"https:\/\/timurbasirov23.thkit.ee\/wp\/eng\/wp-json\/wp\/v2\/pages\/887","targetHints":{"allow":["GET"]}}],"collection":[{"href":"https:\/\/timurbasirov23.thkit.ee\/wp\/eng\/wp-json\/wp\/v2\/pages"}],"about":[{"href":"https:\/\/timurbasirov23.thkit.ee\/wp\/eng\/wp-json\/wp\/v2\/types\/page"}],"author":[{"embeddable":true,"href":"https:\/\/timurbasirov23.thkit.ee\/wp\/eng\/wp-json\/wp\/v2\/users\/1"}],"replies":[{"embeddable":true,"href":"https:\/\/timurbasirov23.thkit.ee\/wp\/eng\/wp-json\/wp\/v2\/comments?post=887"}],"version-history":[{"count":1,"href":"https:\/\/timurbasirov23.thkit.ee\/wp\/eng\/wp-json\/wp\/v2\/pages\/887\/revisions"}],"predecessor-version":[{"id":1792,"href":"https:\/\/timurbasirov23.thkit.ee\/wp\/eng\/wp-json\/wp\/v2\/pages\/887\/revisions\/1792"}],"wp:attachment":[{"href":"https:\/\/timurbasirov23.thkit.ee\/wp\/eng\/wp-json\/wp\/v2\/media?parent=887"}],"curies":[{"name":"wp","href":"https:\/\/api.w.org\/{rel}","templated":true}]}}